/16). Suppose 6*d - 78 = z*d + v, -5*d - 5*v = -195. Is d a prime number?
False
Let b(z) = -z**3 + 3*z**2. Let w be b(3). Suppose 3*t + 5*q = 66, -t = -w*t + 2*q - 22. Is t a prime number?
False
Suppose -3*d - 5*s + 28 = 7, 5*d - 35 = 5*s. Let n = 26 - d. Is n prime?
True
Let z = 24 + 187. Is z a prime number?
True
Let u = -14 - -14. Suppose u = -w - 59 + 186. Is w composite?
False
Suppose 12 = 4*r - 24. Let q be (-2)/(-4) - r/(-2). Suppose q*a - 397 = -102. Is a a composite number?
False
Suppose -2*t + 223 + 2344 = 3*u, u - t - 859 = 0. Let p = u - 468. Suppose v + p = 6*v + 2*i, -3*i + 6 = 0. Is v a composite number?
True
Let n = 344 + 75. Is n a prime number?
True
Suppose -271 + 13 = -3*a - 3*w, -4*a + 3*w = -379. Suppose 2*r + 2*v - a = 75, 0 = -4*r + 4*v + 300. Is r prime?
True
Let a = -246 + 425. Is a a prime number?
True
Is 557/1 - -1 - 1 prime?
True
Suppose -4*o + 151 = -885. Is o a prime number?
False
Let g(r) = -5*r**3 - 5*r**2 - 7*r - 5. Is g(-6) a composite number?
False
Let x = -30 + 83. Is x a prime number?
True
Suppose -66 = 4*z - 418. Suppose z = g + 33. Is g a composite number?
True
Suppose 2*s + 8662 = 4*g, -11028 = -4*g - 5*s - 2345. Is g composite?
True
Let l be -10 + 9 - (281 + 0). Is (5/10)/((-1)/l) a composite number?
True
Suppose 9*f - 13*f = -156. Is f a prime number?
False
Let c = 153 + 10. Is c prime?
True
Suppose 21 = 3*t - 15. Suppose -k - 4*o + 49 + t = 0, 4*k + 2*o - 230 = 0. Is k a prime number?
False
Let v = 373 + 424. Is v prime?
True
Let q(z) be the third derivative of z**4/8 - z**3/2 + 3*z**2. Let k be q(2). Suppose k*n - 5*b = 501 - 135, -4*b = -2*n + 242. Is n a prime number?
True
Is (-38)/(2/(-6)*3) prime?
False
Let y(g) = 6*g**3 - 11*g**2 - 7*g + 1. Is y(6) composite?
False
Suppose -4*a + 8 = -8. Suppose a*v - 2*q = 20, -3*v - 4*q + 3*q + 5 = 0. Suppose -2*j - v*j = -50. Is j composite?
True
Is (-14)/(-21) - ((-625)/(-3))/(-1) a composite number?
True
Let s(v) be the second derivative of -v**5/20 - 7*v**4/12 + 3*v**3/2 - 3*v**2 - 3*v. Let k be s(-8). Let j = 71 - k. Is j a prime number?
False
Let d = 1947 - 1004. Is d a prime number?
False
Let s be (5 - 19)*(0 + -8). Let q = -57 + s. Is q a prime number?
False
Let l be (2 + 0 - 4) + 25. Suppose -5*t = 2*d - 57, -2*t - 4*d + l = -3*d. Is t composite?
False
Let r(b) = 5*b**3 + 5*b**2 + 5*b - 4. Let o(h) = 4*h**3 + 6*h**2 + 5*h - 5. Let z(s) = 4*o(s) - 3*r(s). Is z(-7) a composite number?
True
Let t = 134 - 81. Is t a prime number?
True
Suppose -4*h - 160 - 42 = -2*m, 107 = m + 4*h. Is m a composite number?
False
Let h(l) = 10*l**2 - 4*l + 4. Let d be h(-4). Let y = d + 71. Is y prime?
True
Suppose 5*o = 2*x + 1663, -2*o + 851 - 169 = -5*x. Let i = 112 - o. Is (-12)/9*i + 1 a composite number?
False
Let x be (132/(0 + 3))/1. Suppose -266 = -2*q - x. Is q composite?
True
Let q be 20/4 - 2/2. Suppose 0 = -q*h + 28 + 48. Is h composite?
False
Suppose -5*n + 221 = -504. Is n prime?
False
Suppose 2 = 2*p, 4*b + 2*p = p + 33. Suppose 2*f - 4*f = -b, 4*f - 10 = 2*j. Is j composite?
False
Is 942/6 + (-3 - -1) a composite number?
True
Let s(l) = -85*l. Let b(f) = -f**2 - 2*f - 1. Let g be b(-1). Suppose -5*y + 0*y - 5 = g. Is s(y) a prime number?
False
Let f = -40 + 53. Is f a prime number?
True
Let f(s) = -2*s**3 - s**2 - 2*s - 3. Let o be f(-2). Let c = o + 45. Is c a composite number?
True
Suppose 3*u = -2*y - 25, -12 = -y - 2*y. Is u/((2 + -5)/3) a composite number?
False
Suppose -4*b = 55 - 267. Is b composite?
False
Let i be 4 - (-2)/(-6)*0. Suppose -i - 3 = -y. Let g = 18 - y. Is g prime?
True
Let s be 5/((-5)/(-14)) - -2. Let j = s - -69. Is j prime?
False
Let v be 2/(-2)*-87 + -2. Suppose 2*b - v = -f - 2*b, -3*b = 5*f - 459. Suppose -2*t = -161 - f. Is t prime?
True
Let m(u) be the first derivative of -u**4/4 + 11*u**3/3 - 3*u + 3. Is m(10) composite?
False
Suppose -5*t + 295 = 2*n - 3*n, 2*t - 141 = 5*n. Suppose m + 5 - t = 0. Is m a prime number?
True
Let a(c) = -37*c**3 + 7 - 5 - 2*c**2 + c**3. Let y(h) = -107*h**3 - 5*h**2 + 5. Let k(z) = 8*a(z) - 3*y(z). Is k(1) a prime number?
False
Suppose l = -3*l + 20. Suppose l = u - 0. Suppose u*x - 45 = -c, 4*c + 0*x - 142 = -x. Is c composite?
True
Suppose 42 = 3*k - 33. Let c = -7 - -13. Suppose -2*r + c - 70 = -3*o, -o = 3*r - k. Is o composite?
True
Let c be (-4)/6 + 2/3. Suppose c = -3*n + 4*n - 33. Is n + (-4)/(-1*2) composite?
True
Suppose 3*y + 4*h - 4 = 0, -4*y + 0*h + 4*h + 24 = 0. Let s be y/(-4)*(0 + -1). Let m(v) = 37*v. Is m(s) composite?
False
Let c(n) = 3*n**2 - 5*n - 13. Is c(-8) composite?
True
Let n = -6 + 8. Suppose n*f + 820 = 6*f. Is f a composite number?
True
Let x(h) = h**2 - 9. Let f be x(0). Let v(t) = 5*t**2 + 13*t + 5. Is v(f) prime?
True
Suppose -6*k = -k - 4*m + 44, 3*k + 5*m + 19 = 0. Is 0 + 652/k*-6 a prime number?
False
Let u = 2207 - 846. Is u a prime number?
True
Let d = 1878 - 1133. Is d composite?
True
Let t be (-1028)/(-28) - 4/(-14). Let z = t + -16. Is z a composite number?
True
Let u be 3/9 - (-39)/(-9). Is (-365)/u - (-4)/(-16) a composite number?
True
Let i = 3110 + -2023. Is i a prime number?
True
Let o = -39 + 412. Is o prime?
True
Let d(o) = o**3 + 9*o**2 - 7*o + 11. Let s be (1 - 0) + (1 - -22). Let f be -3*(0 - s/(-9)). Is d(f) a composite number?
False
Is 0/2 + 124 - -3 composite?
False
Suppose r + 177 = 5*w - 0*r, -185 = -5*w + 5*r. Suppose -2*u = -u - w. Suppose -3*l + u = 5. Is l a composite number?
True
Let w(k) = 45*k - 12. Let j be w(9). Let r be (4 - (2 + -4)) + -2. Suppose -o = -r*o + j. Is o a prime number?
True
Suppose 4*m = 3*p - 6, 0 = 5*p + 5*m - 5 - 5. Let n be (p - (-8)/(-5))*5. Suppose -2*y + 64 = -2*s, -s = -n*y - 6*s + 99. Is y a composite number?
False
Suppose 8 = 2*w - 2*k, 12 = 5*w - 4*k - 9. Suppose 6 = -2*c, 0 = -w*j + c + 2*c + 574. Is j a composite number?
False
Let g = 32 + -57. Let i = g - -38. Is i a prime number?
True
Is ((-10)/1)/2 + 102 a composite number?
False
Let s(j) = -8*j**2 - 4*j + 3. Let v(c) = 9*c**2 + 4*c - 2. Let d(a) = -4*s(a) - 3*v(a). Is d(-7) a composite number?
False
Let k(s) = -16*s**2 - 27*s + 23. Let f(t) = 5*t**2 + 9*t - 8. Let m(x) = 7*f(x) + 2*k(x). Is m(-7) a composite number?
True
Let q = 106 + -228. Let d = 72 - 271. Let a = q - d. Is a a composite number?
True
Let j(o) = -5*o**2 + 4*o - 6. Let r = -5 - -9. Let l be j(r). Let u = l - -107. Is u prime?
True
Suppose 0 = 2*t - 108 - 730. Is t a composite number?
False
Suppose 5*q = 25, -s + 3*q = -q + 17. Suppose s*b = -b + 8. Suppose -3*o - 59 = -2*u, 84 = b*u - 0*o + 2*o. Is u a composite number?
False
Let r be (-2)/8*(3 + -15). Suppose -9 = 4*f + 11, -2 = -l - f. Suppose l*p - 452 = r*p. Is p a composite number?
False
Suppose 0*w + 3*w + x - 893 = 0, 4*x + 1196 = 4*w. Suppose 4*j - 630 = w. Suppose -g + 5*g = -5*f + j, -3*f = -2*g + 94. Is g prime?
True
Is 409 + (1 - (-2)/(-2)) a composite number?
False
Let r = 3 - 3. Suppose r = 3*l + l - 4. Is (-469)/14*(l - 3) a composite number?
False
Suppose -4*j = -j - 9. Suppose j*w + 2*w = 415. Is w composite?
False
Let m = -816 - -2215. Is m composite?
False
Suppose 3*v - v - 126 = 0. Let k = -8 + -20. Let r = k + v. Is r a prime number?
False
Let k(m) = -m + 85. Is k(0) prime?
False
Let s = 215 + -96. Is s composite?
True
Is 145 - 2/((-10)/(-15)) a composite number?
True
Is 1*78 + 0 - 1 a composite number?
True
Suppose 4*n - 12 = -d, -3*d = n - 7 + 4. Suppose 2*p = n*p - 185. Is p prime?
False
Suppose -9 = -3*h + 3, 4*p + 2*h - 10812 = 0. Is p a composite number?
True
Let g(k) = 3*k - 3. Let z be g(2). Suppose z*c - 363 = -2*h, h + 366 = 3*c + 4*h. Is c a composite number?
True
Suppose -17 = -u - 5. Let s = u + -86. Let n = s - -121. Is n a prime number?
True
Let x(a) = -a - 5. Let j be x(-8). Let s(c) = 3*c - 4. Let n be s(j). Suppose 3*l + n*p = -0*l + 540, 2*l = -2*p + 364. Is l composite?
True
Let d be (3 - (-73 - -1)) + 0. Let a = d - 42. Is a composite?
True
Suppose 210 - 697 = -c - 4*z, -2*z + 2435 = 5*c. Is c a prime number?
True
Suppose k = 2*t - 2*k + 65, 2*t - 2*k = -64. Let q = 222 + t. Is q a composite number?
False
Suppose 4*d = -16, y + 7 = -3*d - d. Is (y/(-2) + 4)*-1906 prime?
True
Let z = -2 + -1. Is z/(-9) + (-184)/(-6) a composite number?
False
Suppose -3*i = -12, -5*v - i = i - 23. Suppose